{"id":906,"date":"2025-02-23T15:51:13","date_gmt":"2025-02-23T14:51:13","guid":{"rendered":"http:\/\/calaispassionechecs.fr\/?page_id=906"},"modified":"2025-08-31T16:28:01","modified_gmt":"2025-08-31T14:28:01","slug":"hebergements","status":"publish","type":"page","link":"https:\/\/calaispassionechecs.fr\/?page_id=906","title":{"rendered":"H\u00e9bergements"},"content":{"rendered":"\n<p>Voici cependant quelques liens vers des h\u00e9bergements qui pourraient vous int\u00e9resser ( avec une petite remise sur les prix)<br>La page va se remplir petit \u00e0 petit.<\/p>\n\n\n\n<h2 class=\"wp-block-heading\">H\u00f4tels<\/h2>\n\n\n\n<p><strong>H\u00f4tel Ibis \u00e0 Calais Nord<\/strong>, avec les conditions tarifaires: <a href=\"https:\/\/all.accor.com\/hotel\/7209\/index.fr.shtml\">https:\/\/all.accor.com\/hotel\/7209\/index.fr.shtml<\/a><\/p>\n\n\n\n<figure class=\"wp-block-image aligncenter size-medium is-resized\"><img loading=\"lazy\" decoding=\"async\" width=\"300\" height=\"200\" src=\"http:\/\/calaispassionechecs.fr\/wp-content\/uploads\/2025\/02\/ibis-300x200.jpg\" alt=\"\" class=\"wp-image-907\" style=\"width:552px;height:auto\" srcset=\"https:\/\/calaispassionechecs.fr\/wp-content\/uploads\/2025\/02\/ibis-300x200.jpg 300w, https:\/\/calaispassionechecs.fr\/wp-content\/uploads\/2025\/02\/ibis-768x511.jpg 768w, https:\/\/calaispassionechecs.fr\/wp-content\/uploads\/2025\/02\/ibis.jpg 1000w\" sizes=\"(max-width: 300px) 100vw, 300px\" \/><\/figure>\n\n\n\n<p><a href=\"http:\/\/calaispassionechecs.fr\/wp-content\/uploads\/2025\/02\/tournoi-d-echecs-calais-ibis.pdf\" data-type=\"link\" data-id=\"http:\/\/calaispassionechecs.fr\/wp-content\/uploads\/2025\/02\/tournoi-d-echecs-calais-ibis.pdf\">tarifs<\/a><\/p>\n\n\n\n<p><strong>H\u00f4tel Metropol:<\/strong> id\u00e9alement plac\u00e9! \u00e0 5 minutes de la salle de jeu, \u00e0 10 mn du club et juste \u00e0 la sortie de la gare pour ceux qui viennent en train.<br><a href=\"https:\/\/www.metropolhotel.com\/\">lien vers le site de l&rsquo;h\u00f4tel<\/a><\/p>\n\n\n\n<figure class=\"wp-block-image aligncenter size-full is-resized\"><img loading=\"lazy\" decoding=\"async\" width=\"900\" height=\"500\" src=\"https:\/\/calaispassionechecs.fr\/wp-content\/uploads\/2025\/04\/hotel-metropol.jpg\" alt=\"\" class=\"wp-image-977\" style=\"width:552px;height:auto\" srcset=\"https:\/\/calaispassionechecs.fr\/wp-content\/uploads\/2025\/04\/hotel-metropol.jpg 900w, https:\/\/calaispassionechecs.fr\/wp-content\/uploads\/2025\/04\/hotel-metropol-300x167.jpg 300w, https:\/\/calaispassionechecs.fr\/wp-content\/uploads\/2025\/04\/hotel-metropol-768x427.jpg 768w\" sizes=\"(max-width: 900px) 100vw, 900px\" \/><\/figure>\n\n\n\n<div class=\"wp-block-file\"><a id=\"wp-block-file--media-448caaf5-1637-423a-87bb-73a1c1c15c8b\" href=\"http:\/\/calaispassionechecs.fr\/wp-content\/uploads\/2025\/04\/offre-metropol.pdf\">Tarifs<\/a><a href=\"http:\/\/calaispassionechecs.fr\/wp-content\/uploads\/2025\/04\/offre-metropol.pdf\" class=\"wp-block-file__button wp-element-button\" download aria-describedby=\"wp-block-file--media-448caaf5-1637-423a-87bb-73a1c1c15c8b\">T\u00e9l\u00e9charger<\/a><\/div>\n\n\n\n<h2 class=\"wp-block-heading\">Logements:<\/h2>\n\n\n\n<p>Beaucoup de logements air bnb sur Calais! En voici quelques uns, tenus par des personnes que nous connaissons.<br><br>&#8211; <strong>un superbe appartement<\/strong> face \u00e0 la mer ( 4 voyageurs) \u00e0 5 km de la mairie. <a href=\"https:\/\/www.airbnb.fr\/rooms\/588229964054434179?adults=1&amp;check_in=2025-10-25&amp;check_out=2025-10-30&amp;location=Calais%2C%20France&amp;search_mode=regular_search&amp;source_impression_id=p3_1741184257_P3n4jVCakpLM68Sp&amp;previous_page_section_name=1001&amp;federated_search_id=ed4837bf-2059-40fc-b30a-a8a6e583fc9e\" data-type=\"link\" data-id=\"https:\/\/www.airbnb.fr\/rooms\/588229964054434179?adults=1&amp;check_in=2025-10-25&amp;check_out=2025-10-30&amp;location=Calais%2C%20France&amp;search_mode=regular_search&amp;source_impression_id=p3_1741184257_P3n4jVCakpLM68Sp&amp;previous_page_section_name=1001&amp;federated_search_id=ed4837bf-2059-40fc-b30a-a8a6e583fc9e\">Lien vers la page<\/a> (Contactez St\u00e9phane: 06 25 05 70 51)<\/p>\n\n\n\n<figure class=\"wp-block-image aligncenter size-full\"><img loading=\"lazy\" decoding=\"async\" width=\"722\" height=\"415\" src=\"http:\/\/calaispassionechecs.fr\/wp-content\/uploads\/2025\/03\/steph.jpg\" alt=\"\" class=\"wp-image-918\" srcset=\"https:\/\/calaispassionechecs.fr\/wp-content\/uploads\/2025\/03\/steph.jpg 722w, https:\/\/calaispassionechecs.fr\/wp-content\/uploads\/2025\/03\/steph-300x172.jpg 300w\" sizes=\"(max-width: 722px) 100vw, 722px\" \/><figcaption class=\"wp-element-caption\"> <\/figcaption><\/figure>\n\n\n\n<p>&#8211;  <strong>une petite maison<\/strong> avec 3 lits ( 5 couchages). Pas loin de la mer \u00e0 5 km de la mairie: <a href=\"https:\/\/www.leboncoin.fr\/ad\/locations_saisonnieres\/2324129262\">lien vers la page<\/a> ( Contactez S\u00e9verine: 06 23 26 25 06)<\/p>\n\n\n\n<figure class=\"wp-block-image aligncenter size-full is-resized\"><img loading=\"lazy\" decoding=\"async\" width=\"600\" height=\"800\" src=\"http:\/\/calaispassionechecs.fr\/wp-content\/uploads\/2025\/03\/61b7973bf79c01fa8ac4a7c4b6cf65d3735d7f7a.jpg\" alt=\"\" class=\"wp-image-943\" style=\"width:396px;height:auto\" srcset=\"https:\/\/calaispassionechecs.fr\/wp-content\/uploads\/2025\/03\/61b7973bf79c01fa8ac4a7c4b6cf65d3735d7f7a.jpg 600w, https:\/\/calaispassionechecs.fr\/wp-content\/uploads\/2025\/03\/61b7973bf79c01fa8ac4a7c4b6cf65d3735d7f7a-225x300.jpg 225w\" sizes=\"(max-width: 600px) 100vw, 600px\" \/><\/figure>\n\n\n\n<p> &#8211;  <strong>Trois studios \u00e0 des prix tr\u00e8s raisonnables<\/strong>. Centre ville: compter 10 minutes en voiture ou 15-20 minutes \u00e0 pied pour se rendre \u00e0 la salle.<br><a href=\"https:\/\/www.airbnb.fr\/rooms\/1114672774489724925?adults=1&amp;check_in=2025-10-25&amp;check_out=2025-10-30&amp;guests=1&amp;search_mode=regular_search&amp;source_impression_id=p3_1746187503_P3c-liRFPz-shjTW&amp;previous_page_section_name=1000&amp;federated_search_id=f2fe5e18-d596-427d-9eca-8cfdc862c73f\">Studio1<\/a> , <a href=\"https:\/\/www.airbnb.fr\/rooms\/1165991371326451410?adults=1&amp;check_in=2025-10-25&amp;check_out=2025-10-30&amp;guests=1&amp;location=Calais%2C%20France&amp;search_mode=regular_search&amp;source_impression_id=p3_1746188174_P3Ssb2LR3sm6DyXh&amp;previous_page_section_name=1001&amp;federated_search_id=3c933493-34fe-48b2-979b-1cc20cb74377\">Studio 2<\/a> , (Contacter Tony: 06 03 68 28 24)<br><\/p>\n\n\n\n<figure class=\"wp-block-image aligncenter size-full is-resized\"><img loading=\"lazy\" decoding=\"async\" width=\"1200\" height=\"900\" src=\"https:\/\/calaispassionechecs.fr\/wp-content\/uploads\/2025\/05\/e66130a9-529e-4edf-a49f-ba499ea2c428.avif\" alt=\"\" class=\"wp-image-993\" style=\"width:387px;height:auto\"\/><\/figure>\n\n\n\n<figure class=\"wp-block-image aligncenter size-full is-resized\"><img loading=\"lazy\" decoding=\"async\" width=\"1440\" height=\"1080\" src=\"https:\/\/calaispassionechecs.fr\/wp-content\/uploads\/2025\/05\/a13f7d27-5749-4c5f-bf79-d0e7eabdbc71.avif\" alt=\"\" class=\"wp-image-994\" style=\"width:386px;height:auto\"\/><\/figure>\n\n\n\n<h2 class=\"wp-block-heading\">Pour les groupes<\/h2>\n\n\n\n<p>Deux liens vers des logements de groupe. Si vous souhaitez un h\u00e9bergement \u00e0 prix tr\u00e8s raisonnable pour des groupes. Le premier est celui d&rsquo;un membre du club<\/p>\n\n\n\n<p><strong>Le spot:<\/strong> un g\u00eete de groupe sympa avec 12 couchages ( 4 chambres). Situ\u00e9 \u00e0 Bl\u00e9riot Plage, pr\u00e8s de la mer et \u00e0 une dizaine de km de la salle de jeu: <a href=\"https:\/\/lespotbleriotplage.com\/cest-nous\/\" data-type=\"link\" data-id=\"https:\/\/lespotbleriotplage.com\/cest-nous\/\">https:\/\/lespotbleriotplage.com<\/a> ( Contactez Christophe)<\/p>\n\n\n\n<figure class=\"wp-block-image aligncenter size-large is-resized\"><img loading=\"lazy\" decoding=\"async\" width=\"1024\" height=\"517\" src=\"http:\/\/calaispassionechecs.fr\/wp-content\/uploads\/2025\/03\/christ-1-1024x517.jpg\" alt=\"\" class=\"wp-image-932\" style=\"width:649px;height:auto\" srcset=\"https:\/\/calaispassionechecs.fr\/wp-content\/uploads\/2025\/03\/christ-1-1024x517.jpg 1024w, https:\/\/calaispassionechecs.fr\/wp-content\/uploads\/2025\/03\/christ-1-300x152.jpg 300w, https:\/\/calaispassionechecs.fr\/wp-content\/uploads\/2025\/03\/christ-1-768x388.jpg 768w, https:\/\/calaispassionechecs.fr\/wp-content\/uploads\/2025\/03\/christ-1.jpg 1419w\" sizes=\"(max-width: 1024px) 100vw, 1024px\" \/><\/figure>\n\n\n\n<p><strong>La base Tom Souville:<\/strong> grande base nautique, \u00e9galement \u00e0 Bl\u00e9riot Plage avec des tarifs tr\u00e8s int\u00e9ressants: <a href=\"https:\/\/tomsouville.fr\/sejours\/\">https:\/\/tomsouville.fr\/sejours\/<\/a><\/p>\n\n\n\n<h2 class=\"wp-block-heading has-large-font-size\"> Maison d\u2019h\u00f4tes <\/h2>\n\n\n\n<div class=\"wp-block-group is-layout-constrained wp-block-group-is-layout-constrained\"><div class=\"wp-block-group__inner-container\">\n<p>Cette maison est un lieu <strong>chaleureux et convivial<\/strong>, o\u00f9 vous serez re\u00e7us \u00ab comme \u00e0 la maison \u00bb. Elle est situ\u00e9e \u00e0 500 m\u00e8tres de la salle de jeu<\/p>\n\n\n\n<ul class=\"wp-block-list\">\n<li>4 chambres confortables avec salle de bain privative,<\/li>\n\n\n\n<li>un petit-d\u00e9jeuner gourmand et fait maison,<\/li>\n\n\n\n<li>une table d\u2019h\u00f4tes conviviale autour des produits frais et locaux,<\/li>\n\n\n\n<li>et pour les curieux, des ateliers culinaires sous le nom <em>Les Secrets des Saveurs<\/em>.<\/li>\n<\/ul>\n\n\n\n<p>  10 % de remise sur la chambre avec  le code \u00ab\u00a0Secrets\u00a0\u00bb ou en pr\u00e9cisant bien que vous venez pour le tournoi d&rsquo;\u00e9checs<br> (donc 81.00 \u20ac pour 1 personne au lieu de 90.00 \u20ac et 90.00 \u20ac pour deux personnes au lieu de 100.00 \u20ac petit d\u00e9jeuner compris)<br><br>Voir le site: <a href=\"https:\/\/les-secrets-des-loges.com\/\">https:\/\/les-secrets-des-loges.com\/<\/a><\/p>\n\n\n\n<figure class=\"wp-block-image size-full is-resized\"><img loading=\"lazy\" decoding=\"async\" width=\"940\" height=\"788\" src=\"https:\/\/calaispassionechecs.fr\/wp-content\/uploads\/2025\/08\/Exemple-plateau-repas-hiver.jpg.webp\" alt=\"\" class=\"wp-image-1050\" style=\"width:524px;height:auto\" srcset=\"https:\/\/calaispassionechecs.fr\/wp-content\/uploads\/2025\/08\/Exemple-plateau-repas-hiver.jpg.webp 940w, https:\/\/calaispassionechecs.fr\/wp-content\/uploads\/2025\/08\/Exemple-plateau-repas-hiver.jpg-300x251.webp 300w, https:\/\/calaispassionechecs.fr\/wp-content\/uploads\/2025\/08\/Exemple-plateau-repas-hiver.jpg-768x644.webp 768w\" sizes=\"(max-width: 940px) 100vw, 940px\" \/><\/figure>\n<\/div><\/div>\n\n\n\n<p><\/p>\n","protected":false},"excerpt":{"rendered":"<p>Voici cependant quelques liens vers des h\u00e9bergements qui pourraient vous int\u00e9resser ( avec une petite remise sur les prix)La page va se remplir petit \u00e0 petit. H\u00f4tels H\u00f4tel Ibis \u00e0 [&hellip;]<\/p>\n","protected":false},"author":2,"featured_media":0,"parent":0,"menu_order":0,"comment_status":"closed","ping_status":"closed","template":"","meta":{"saved_in_kubio":false,"site-sidebar-layout":"default","site-content-layout":"","ast-site-content-layout":"default","site-content-style":"default","site-sidebar-style":"default","ast-global-header-display":"","ast-banner-title-visibility":"","ast-main-header-display":"","ast-hfb-above-header-display":"","ast-hfb-below-header-display":"","ast-hfb-mobile-header-display":"","site-post-title":"","ast-breadcrumbs-content":"","ast-featured-img":"","footer-sml-layout":"","theme-transparent-header-meta":"","adv-header-id-meta":"","stick-header-meta":"","header-above-stick-meta":"","header-main-stick-meta":"","header-below-stick-meta":"","astra-migrate-meta-layouts":"set","ast-page-background-enabled":"default","ast-page-background-meta":{"desktop":{"background-color":"var(--ast-global-color-4)","background-image":"","background-repeat":"repeat","background-position":"center center","background-size":"auto","background-attachment":"scroll","background-type":"","background-media":"","overlay-type":"","overlay-color":"","overlay-opacity":"","overlay-gradient":""},"tablet":{"background-color":"","background-image":"","background-repeat":"repeat","background-position":"center center","background-size":"auto","background-attachment":"scroll","background-type":"","background-media":"","overlay-type":"","overlay-color":"","overlay-opacity":"","overlay-gradient":""},"mobile":{"background-color":"","background-image":"","background-repeat":"repeat","background-position":"center center","background-size":"auto","background-attachment":"scroll","background-type":"","background-media":"","overlay-type":"","overlay-color":"","overlay-opacity":"","overlay-gradient":""}},"ast-content-background-meta":{"desktop":{"background-color":"var(--ast-global-color-5)","background-image":"","background-repeat":"repeat","background-position":"center center","background-size":"auto","background-attachment":"scroll","background-type":"","background-media":"","overlay-type":"","overlay-color":"","overlay-opacity":"","overlay-gradient":""},"tablet":{"background-color":"var(--ast-global-color-5)","background-image":"","background-repeat":"repeat","background-position":"center center","background-size":"auto","background-attachment":"scroll","background-type":"","background-media":"","overlay-type":"","overlay-color":"","overlay-opacity":"","overlay-gradient":""},"mobile":{"background-color":"var(--ast-global-color-5)","background-image":"","background-repeat":"repeat","background-position":"center center","background-size":"auto","background-attachment":"scroll","background-type":"","background-media":"","overlay-type":"","overlay-color":"","overlay-opacity":"","overlay-gradient":""}},"footnotes":""},"class_list":["post-906","page","type-page","status-publish","hentry"],"kubio_ai_page_context":{"short_desc":"","purpose":"general"},"_links":{"self":[{"href":"https:\/\/calaispassionechecs.fr\/index.php?rest_route=\/wp\/v2\/pages\/906","targetHints":{"allow":["GET"]}}],"collection":[{"href":"https:\/\/calaispassionechecs.fr\/index.php?rest_route=\/wp\/v2\/pages"}],"about":[{"href":"https:\/\/calaispassionechecs.fr\/index.php?rest_route=\/wp\/v2\/types\/page"}],"author":[{"embeddable":true,"href":"https:\/\/calaispassionechecs.fr\/index.php?rest_route=\/wp\/v2\/users\/2"}],"replies":[{"embeddable":true,"href":"https:\/\/calaispassionechecs.fr\/index.php?rest_route=%2Fwp%2Fv2%2Fcomments&post=906"}],"version-history":[{"count":11,"href":"https:\/\/calaispassionechecs.fr\/index.php?rest_route=\/wp\/v2\/pages\/906\/revisions"}],"predecessor-version":[{"id":1051,"href":"https:\/\/calaispassionechecs.fr\/index.php?rest_route=\/wp\/v2\/pages\/906\/revisions\/1051"}],"wp:attachment":[{"href":"https:\/\/calaispassionechecs.fr\/index.php?rest_route=%2Fwp%2Fv2%2Fmedia&parent=906"}],"curies":[{"name":"wp","href":"https:\/\/api.w.org\/{rel}","templated":true}]}}